- 2. Let f(v) be the first derivative of 27 - 2*v + 0*v**3 + 9*v**3 + 5*v**3 - 13*v**3 + v**2. What is f(p)?
6
Let d(z) = -2*z + 11. Let t be ((-12)/8 - -2)/((-1068)/152 + 7). Calculate d(t).
49
Let g(j) be the first derivative of j**3/3 + j**2/2 - 133*j - 5326. Determine g(11).
-1
Let t(o) be the first derivative of o**3/3 + 5*o - 256. Determine t(-2).
9
Suppose 108 = 6*o - 114. Let n(k) = -11*k + 30 + 2*k - 65 + o. Let j be n(1). Let v(b) = -b**2 - 8*b - 4. What is v(j)?
3
Let p(w) = 148*w + 142. Let v(f) = 104*f + 140. Let k(j) = 3*p(j) - 4*v(j). Calculate k(5).
6
Let a(r) = -38*r**2 - 3*r - 3. Let c be a(-1). Let s = c - -49. Let w(t) = -2*t + 29. Let o be w(s). Let v(m) = -2*m + 2. Calculate v(o).
-12
Let j be -1 + (-2 - -3)/((-2)/20). Let w(d) be the second derivative of d**4/12 + 3*d**3/2 + d**2/2 - 415*d + 2. Give w(j).
23
Let r(o) = -12*o - 2. Let d be (-6)/18*(-84)/(-28). What is r(d)?
10
Suppose 307*s + 829 - 215 = 0. Let m(o) be the second derivative of -o**5/20 - o**4/12 + o**3/6 - o**2/2 - 2*o. What is m(s)?
1
Suppose -107*u = -55*u - 60*u. Let d(t) = -5*t - 7. Give d(u).
-7
Let z = 3024 + -3032. Let p(x) = 3*x - 1. Give p(z).
-25
Let n = -83 - -94. Let f(j) = -j**2 - 3. Let d(g) = g**3 - 13*g**2 + 4*g - 20. Let q(k) = d(k) - 2*f(k). Calculate q(n).
30
Let j(t) = 3*t - 3. Let w(i) = 2*i**3 + 24*i**2 - 4. Let g = -1 - -5. Let h be -4 + -10 - ((-12)/g + 1). Let u be w(h). Give j(u).
-15
Let v = 1290 - 1291. Let p(c) = -5*c**2 - 11*c. Let r = 19 + -11. Let y(a) = 2*a**2 + 4*a. Let d(z) = r*y(z) + 3*p(z). Calculate d(v).
2
Let u(q) be the second derivative of -1/3*q**3 + 1/40*q**5 - 1/360*q**6 + 0 + 1/4*q**4 - q + 0*q**2. Let d(t) be the second derivative of u(t). Determine d(5).
-4
Let n be (-15)/((6/(-3))/4). Let h be n/24*(11 + 1). Suppose -10*w + 5*w + h = 0. Let l(i) = 2*i**2 + i - 4. Determine l(w).
17
Let s(o) be the first derivative of 15*o - 178 - 1/2*o**2. Determine s(0).
15
Let i = 3 - 5. Suppose 3*q + 0*j = -3*j + 15, -8 = -2*j. Let n be (0 - (-4)/4)/q*i. Let c(m) = m**2 + 5*m + 3. Calculate c(n).
-3
Let u(a) = -2*a**2 - 12*a - 5. Let t(i) = -2. Let b(p) = p**2 + 6*p + 16. Let g(j) = b(j) + 7*t(j). Let c = -3 + 6. Let o(d) = c*u(d) + 7*g(d). Determine o(-5).
-6
Let v(a) = a**3 - 5*a**2. Suppose 27 - 2 = -5*n. Let g be (-2)/(-2 - n/10*3). Determine v(g).
-16
Let r(y) = y**2 - 881*y + 8676. Let s be r(10). Let x(p) = -6*p - 198. Give x(s).
6
Let b(n) = -33*n + 78. Let w(i) = -48*i + 115. Let l(y) = -7*b(y) + 5*w(y). Give l(-6).
83
Suppose 112*v = 307*v - 1365. Let f(m) = -21*m - 1. Let u(q) = -2*q. Let j(k) = 2*f(k) - 22*u(k). What is j(v)?
12
Let d(h) = -2*h + 1. Let a be (-152)/190 - (-34)/5. Suppose -a + 2 = -4*x. Calculate d(x).
-1
Let v(l) = -l - 15. Let o(g) = -g**3 + 9*g**2 - 13*g - 27. Let c be o(7). Give v(c).
5
Let c(f) be the first derivative of 115 + 0*f**2 + 33/4*f**4 - f + 1/3*f**3. Determine c(-1).
-33
Let i(l) = -l**2 + l - 4. Let r = 1009 - 716. Suppose -r*m = -297*m - 20. What is i(m)?
-34
Let v be 14 + -7 + 0 - 3. Let l(b) be the second derivative of b**5/20 - b**4/4 - 2*b**3/3 - 2*b**2 - 20*b. Determine l(v).
-4
Let u(q) be the third derivative of q**4/24 + q**3/6 + q**2. Suppose 478*n - 460*n = -36. Calculate u(n).
-1
Let c(f) = -f**3 + 3*f**2 + 2*f. Let h be 0*(-8)/64 + 10/5. Give c(h).
8
Let h be (46/161)/((-115)/(-105) - 1). Let l(n) = -81*n + 237. Determine l(h).
-6
Let k(h) be the first derivative of -h**3/3 + h**2/2 - 8*h + 4. Let x = 39516 + -39516. What is k(x)?
-8
Let t = 48 + -33. Suppose -2*v - 39 = -t*v. Let u(j) = v*j**2 - 13*j**3 - 1 + 3*j**2 + 12*j**3 - 1 + 2*j. Determine u(5).
33
Let u(j) = 187*j + 36. Let f(p) = -90*p - 17. Let x(b) = 13*f(b) + 6*u(b). Give x(1).
-53
Let u = -87 - -173. Let o = -57 + u. Let d(w) = -o + w + 51 - 33. Calculate d(8).
-3
Let b(z) = 27*z**2 + 5*z - 35. Let v(n) = 283*n**2 + 49*n - 349. Let o(l) = 21*b(l) - 2*v(l). Give o(-11).
7
Let w(q) be the second derivative of q**3/6 - 4*q**2 + q. Suppose -3*b + 5*n + 4 = 0, n - 8 = 2*b + 1. Let c(o) = -15*o - 105. Let i be c(b). What is w(i)?
-8
Let i = -214 - -239. Let j(u) = u + 2*u + i*u - 22*u. Calculate j(1).
6
Suppose -116 = 36*j - 332. Let s(q) = 3*q**2 - 2. Let d(b) = b**2 - b - 1. Let p(x) = -4*d(x) + s(x). Determine p(j).
-10
Suppose -18*h + 25*h - 82 = -75*h. Let j(f) = 6*f**2 - 4*f - 3. Give j(h).
-1
Let d(f) = -4*f - 2. Let s(n) = -3*n - 2. Let c(y) = 2*d(y) - 3*s(y). Let p(b) = -2*b**2 - 5*b + 1. Let w(k) = -3*c(k) + p(k). Calculate w(-6).
-29
Let z(a) be the first derivative of 7*a**4/24 + 2*a**3/3 + 5*a**2 - 7*a - 28. Let i(t) be the second derivative of z(t). Calculate i(-2).
-10
Let q(g) = -13*g**2 - 8*g + 18. Let y(w) = -16*w**2 - 10*w + 19. Let x(c) = 5*q(c) - 4*y(c). Determine x(-7).
-35
Let m = -9 + 12. Let a = m - 0. Let h(x) = -9*x + a - 5*x + 13*x. Calculate h(3).
0
Let d(h) = 19*h**2 + 43*h - 57. Let w(f) = -7*f**2 - 15*f + 20. Let a(g) = 4*d(g) + 11*w(g). Determine a(3).
4
Let u = -9256 + 9235. Let r(b) = 8*b + 168. What is r(u)?
0
Let t(c) = -2*c**2 + 23 - 20 - 16 + 50*c - 13*c. Give t(18).
5
Suppose 1023*s + 330 = 968*s. Let z(d) = -d**2 - 2*d - 2. What is z(s)?
-26
Suppose 0*j - 8 = -4*j. Suppose j*l - 14 = -4*c, l - 7*c = -4*c + 2. Let v(m) be the third derivative of m**4/12 + 7*m**3/6 + 456*m**2. What is v(l)?
17
Let q be -2 + (-4 - (4 + -10)). Suppose q*w = -5*w - 35. Let n(s) be the first derivative of s**4/4 + 8*s**3/3 + 7*s**2/2 + 7*s + 14. Give n(w).
7
Let a(p) be the first derivative of 12 + p - 1/2*p**2 - 3*p**3. Suppose 9*f = -5*f + 14. Calculate a(f).
-9
Let g(y) = -y**3 + 8*y**2 - y - 1. Suppose t + 0 + 2 = 10. Calculate g(t).
-9
Let l(a) = -a**3 + 7*a**2 + 9*a - 12. Let j(r) = -3*r + 16. Let d be j(6). Let f be (-4)/2 + -73*(-3 - d). Let w = f - 63. Determine l(w).
-4
Let z(b) be the first derivative of b**4/4 - 5*b**3/3 + 2*b**2 - 11*b - 364. What is z(4)?
-11
Let r be 546/252 - (-7)/(-6). Let p(k) = 27*k**3 + k. Give p(r).
28
Let f(s) = -s**2 + 11*s - 5. Let i(b) = b - 1. Let d(c) = -f(c) + 6*i(c). Suppose 5*o - 1 = -3*z - 2, z + 5*o + 7 = 0. Suppose 0*k - z = -k. Give d(k).
-7
Let r = 6 + 4. Let o = -9 + r. Let b be o/(3/18) + -1. Let y(p) = p**2 - 4*p + 6. Calculate y(b).
11
Let d(u) = 4*u + 6*u**2 + u**3 - 12 - 6*u + 4. Suppose 805 = 3*l - 133*t + 131*t, 3*l - 812 = -5*t. Let n = 263 - l. What is d(n)?
4
Let h(r) = 7*r**3 - 4*r**2 + 10*r + 4. Let n(v) = 20*v**3 - 12*v**2 + 29*v + 11. Let p(g) = -17*h(g) + 6*n(g). Let o = 9365 + -9362. Give p(o).
1
Let m(k) = k**3 - 11*k**2 + 8*k - 26. Let y(z) = -3*z**3 + 34*z**2 - 23*z + 80. Let q(t) = 10*m(t) + 3*y(t). Give q(7).
8
Suppose 3*u - 30*u + 285 = -12. Let v(c) = -c**3 + 10*c**2 + 8*c + 24. Determine v(u).
-9
Suppose 4*d - 3*p = 4, 4*d + 649*p - 646*p = 28. Let y(x) = -3*x**2 + 11*x - 4. Determine y(d).
-8
Let t(h) be the third derivative of -h**6/120 + h**5/15 - 5*h**4/12 + 26*h**3/3 - 11*h**2 + 24. Give t(4).
12
Let d(v) = -2*v**3 + 4*v**2 - 2*v + 8. Let x = 8435 + -8432. What is d(x)?
-16
Let o(j) = -34*j**2 - 3*j - 8. Let q(k) = 74*k**2 + 6*k + 17. Let w(n) = -13*o(n) - 6*q(n). Determine w(-1).
-3
Let y(g) = -75*g - 11*g - 4 + 36*g + 38*g. Give y(-3).
32
Let w(p) be the first derivative of 0*p + 1/12*p**4 - 34 - 27/2*p**2 - 1/2*p**3. Let s(l) be the second derivative of w(l). Determine s(7).
11
Let y(l) = l**2 - 492*l + 2411. Let p be y(5). Let j(o) = -o**2 - 28*o - 100. Give j(p).
-4
Let k(g) = 17*g - 4. Let u(j) = 25*j + 1. Let v(x) = 3*k(x) - 2*u(x). Calculate v(28).
14
Suppose 6*b = 11*b. Suppose -10*y - 3*y = b. Let q be y - (9/3 - 5). Let v(c) = -4*c + 1. What is v(q)?
-7
Suppose -11*c + 7*c + 20 = -4*t, -3*t + 4*c = 11. Let h(u) = 5*u**3 + 43*u**2 - 16*u + 15. Calculate h(t).
-3
Suppose 87 - 87 = -w. Suppose w = 11*o - 267 + 212. Let l(k) = -k**2 + 2*k - 4. Calculate l(o).
-19
Let c(z) = z**2 + 12*z + 27. Suppose -59*t - 209 = 381. Calculate c(t).
7
Let h(k) be the first derivative of -k**2/2 + 18*k - 1. Suppose 0 = -27*n + 43*n - 7552. Let d = n + -461. Calculate h(d).
7
Let d(k) = -k**3 - 13*k**2 - 11*k + 20. Suppose 0 = -5*y - 2*a - 56, 4 = -5*y + a - 58. Give d(y).
8
Let t(q) be the second derivative of -q**6/720 + 2*q**5/15 + 11*q**4 - 11*q + 3. Let i(v) be the third derivative of t(v). Give i(17).
-1
Let